) = -k**3 - 9*k**2 - 10*k - 15. Give b(-8).
1
Let n(a) = -3*a + 2. What is n(9)?
-25
Let y(n) = -n**2 + 2. Calculate y(3).
-7
Let k(w) = w**2 + 13*w + 43. What is k(-7)?
1
Let m(o) = -10*o. What is m(2)?
-20
Let m(p) = -9*p + 3. Give m(-4).
39
Let v(z) = -z**3 - 28*z**2 + 2*z + 53. Calculate v(-28).
-3
Let f(q) = 7*q - 48. Give f(13).
43
Let y(m) = 9*m + 44. Give y(-6).
-10
Let i(t) = t**3 - 11*t**2 + 35*t - 79. What is i(8)?
9
Let m(x) = 14*x + 5. Determine m(-7).
-93
Let r(c) = -3*c - 8. Give r(6).
-26
Let y(a) = -a - 3. Determine y(1).
-4
Let q(l) = l**2 - l - 16. What is q(5)?
4
Let h(z) = 6*z - 5. Determine h(7).
37
Let h(a) = -25*a**2 - 3*a - 2. Determine h(-1).
-24
Let q(r) = 12*r - 40. What is q(4)?
8
Let u(x) = 2*x + 9. Calculate u(-3).
3
Let q(n) = -25*n - 13. Calculate q(-4).
87
Let j(a) = a**2 - 9*a + 17. Determine j(8).
9
Let x(p) = p + 10. Give x(8).
18
Let h(n) = n**3 - 16*n**2 - 10*n - 15. Determine h(17).
104
Let d(b) = b**3 + 13*b**2 - b - 12. What is d(-13)?
1
Let x(r) = -31*r**2 - r. Calculate x(-1).
-30
Let m(j) = j**2 + 35*j + 55. Determine m(-33).
-11
Let f(q) = q**3 - 5*q**2 - 2*q - 1. What is f(4)?
-25
Let h(f) = 3*f. Calculate h(8).
24
Let x(h) = -13*h + 37. Calculate x(3).
-2
Let i(v) = v**3 + 6*v**2 + 8*v. Determine i(-4).
0
Let m(z) = -5*z**3 - z**2 + z + 11. What is m(0)?
11
Let i(d) = d**3 + 11*d**2 + 31*d + 1. Calculate i(-5).
-4
Let t(o) = -17*o - 518. Calculate t(-31).
9
Let f(q) = 2*q + 1. What is f(13)?
27
Let t(b) = 12*b - 26. Give t(6).
46
Let f(n) = -21*n - 43. Give f(-2).
-1
Let o(m) = -m**3 + 9*m**2 + m - 13. Give o(9).
-4
Let a(x) = 3*x**2 + 26*x - 5. Determine a(-9).
4
Let j(m) = 5*m - 19. Give j(6).
11
Let r(b) = b**3 - 13*b**2 + 15*b - 22. Give r(12).
14
Let t(f) = 2*f**2 + 2*f + 1. Determine t(-2).
5
Let k(y) = y**2 - 2*y - 48. What is k(12)?
72
Let r(p) = -p**2 - p + 5. Calculate r(-3).
-1
Let r(a) = -a**2 - 22*a - 2. Calculate r(-20).
38
Let d(u) = -u**3 + 14*u**2 + 17*u - 34. Determine d(15).
-4
Let m(b) = -6*b + 16. Calculate m(3).
-2
Let f(p) = -8*p - 121. What is f(-23)?
63
Let n(c) = 146*c - 876. Give n(6).
0
Let m(i) = -22*i + 8. Determine m(4).
-80
Let d(a) = a**2 - 10*a + 9. Calculate d(6).
-15
Let j(s) = s**2 - 12*s - 22. Calculate j(15).
23
Let o(m) = m**2 + 4*m - 100. What is o(-12)?
-4
Let f(h) = -2*h**3 + h**2 + h. Give f(-2).
18
Let q(x) = -2*x**3 + 8*x**2 + 9*x + 5. Determine q(5).
0
Let h(x) = 11*x - 96. Calculate h(10).
14
Let o(x) = -x**3 + 37*x**2 - 41*x + 192. What is o(36)?
12
Let u(h) = -16*h**3 + h**2 - h - 1. Give u(-1).
17
Let x(h) = 40*h + 7. Calculate x(-1).
-33
Let k(j) = -j**2 + 9. Give k(0).
9
Let z(a) = -a**2 - 34*a - 80. Determine z(-32).
-16
Let l(t) = 10*t + 31. What is l(7)?
101
Let m(v) = -v**2 + 8*v + 15. Give m(7).
22
Let q(w) = -3*w + 20. Calculate q(5).
5
Let t(h) = -7*h**2 - 65*h - 12. Determine t(-9).
6
Let k(j) = -j**3 + 2*j**2 + j + 27. Give k(0).
27
Let a(m) = 7*m - 3. What is a(6)?
39
Let y(m) = m**3 + 6*m**2 + m - 5. Give y(-6).
-11
Let y(g) = -g**2 + g - 2. What is y(5)?
-22
Let z(p) = -2*p - 19. Calculate z(-8).
-3
Let z(x) = -x**3 + x**2 + 4*x - 5. Determine z(2).
-1
Let m(g) = g**3 - 7*g**2 - 9*g + 4. What is m(8)?
-4
Let m(y) = -3*y**2 - 87*y + 191. Calculate m(-31).
5
Let h(i) = 2*i - 33. Calculate h(16).
-1
Let j(a) = a**3 - 2*a. What is j(2)?
4
Let a(c) = -36*c + 203. Give a(6).
-13
Let q(m) = m**2 + 3*m + 9. Give q(-3).
9
Let t(v) = v - 2. Give t(2).
0
Let q(m) = m**3 + 6*m**2 + 6*m - 5. What is q(-5)?
-10
Let h(p) = 9*p**2 - p - 22. Give h(3).
56
Let x(d) = d**3 - 11*d**2 - 6*d + 13. What is x(11)?
-53
Let t(a) = 2*a**2 + 38*a + 30. Determine t(-18).
-6
Let c(y) = -y**3 + 6*y**2 - 6*y - 11. Determine c(3).
-2
Let g(v) = 2*v**2 + 9*v - 19. What is g(-6)?
-1
Let u(z) = -z**3 + 53*z**2 - 53*z + 47. What is u(52)?
-5
Let x(c) = c - 31. What is x(15)?
-16
Let h(f) = 3*f - 8. What is h(5)?
7
Let a(t) = -t**2 - 24*t - 69. What is a(-20)?
11
Let g(w) = -w**2 + 13. Determine g(-4).
-3
Let m(g) = -g**3 + 3*g**2 + 6*g + 10. Give m(5).
-10
Let t(s) = -2*s**3 - 5*s**2 - 2*s + 5. What is t(-3)?
20
Let m(s) = -4*s - 2. Calculate m(-2).
6
Let i(v) = -v**2 + 10*v + 14. Determine i(11).
3
Let f(o) = -12*o - 68. What is f(-5)?
-8
Let w(n) = 10*n + 124. Calculate w(-15).
-26
Let g(l) = 20*l - 13. Determine g(-3).
-73
Let d(o) = -2*o**2 - 41*o + 17. What is d(-21)?
-4
Let m(x) = x**3 + 31*x**2 - 31*x + 41. What is m(-32)?
9
Let g(t) = 27*t. Calculate g(-1).
-27
Let x(a) = -a**3 + 20*a**2 + a - 22. Calculate x(20).
-2
Let n(m) = m**2 - 11*m - 41. Determine n(14).
1
Let u(p) = -p**3 + 25*p**2 + 27*p - 10. Give u(26).
16
Let g(n) = -n**2 + 4*n + 19. What is g(7)?
-2
Let a(n) = -n**3 + 2*n**2 + 2*n + 5. What is a(3)?
2
Let w(c) = -3*c - 14. Determine w(-7).
7
Let y(b) = 2*b**3 - 4*b**2 - 5*b + 3. What is y(4)?
47
Let w(n) = -n**3 - 4*n**2 + 12*n - 10. What is w(-6)?
-10
Let v(b) = b**2 - 6*b - 5. What is v(8)?
11
Let k(s) = 2*s**2 - 10*s - 14. Determine k(-6).
118
Let n(k) = -4*k + 32. Calculate n(7).
4
Let b(x) = -2*x**2 - 16*x - 10. What is b(-4)?
22
Let a(g) = -48*g + 343. Give a(7).
7
Let l(z) = -3*z**2 + 50*z - 19. Give l(16).
13
Let x(r) = -6*r**2 - 2. Calculate x(2).
-26
Let u(v) = 15*v + 144. Determine u(-12).
-36
Let r(g) = g**3 - 6*g**2 + 3*g + 11. Give r(5).
1
Let p(v) = -15*v + 16. Calculate p(2).
-14
Let h(y) = -20*y - 115. Give h(-6).
5
Let i(x) = x**3 + 25*x**2 - 58*x - 120. Determine i(-27).
-12
Let g(b) = -91*b + 637. Determine g(7).
0
Let c(m) = m**3 - 2*m**2 - 2*m + 14. Determine c(0).
14
Let n(t) = -2*t + 15. Determine n(4).
7
Let s(b) = -3*b**2 + 7*b - 2. Determine s(3).
-8
Let g(w) = w**3 - 16*w**2 - 33*w + 13. Give g(18).
67
Let t(m) = m**3 + 5*m**2 + 12. Determine t(-5).
12
Let i(p) = p**2 - 3*p + 137. What is i(0)?
137
Let x(r) = 105*r + 636. Give x(-6).
6
Let s(a) = -8*a - 32. Give s(-29).
200
Let j(b) = -b**2 - 4. Calculate j(2).
-8
Let c(x) = -6*x + 38. Calculate c(5).
8
Let f(c) = -5*c**2 - c + 4. Give f(-2).
-14
Let j(b) = -b**2 - b - 5. What is j(-7)?
-47
Let s(t) = t - 2. Give s(5).
3
Let v(w) = 29*w + 138. What is v(-5)?
-7
Let y(k) = 2*k**2 + 10*k - 59. What is y(-8)?
-11
Let l(b) = -20*b**2 - b - 4. What is l(-2)?
-82
Let i(t) = 6*t + 105. Determine i(-18).
-3
Let g(n) = -9*n - 6. Determine g(3).
-33
Let b(x) = -9*x - 2. Determine b(-1).
7
Let k(j) = -8*j - 51. What is k(-4)?
-19
Let n(p) = -12*p + 51. What is n(4)?
3
Let x(i) = -2*i**2 + 19*i. Give x(0).
0
Let s(d) = -d - 9. Determine s(-17).
8
Let o(p) = -257*p - 3. Calculate o(0).
-3
Let z(l) = -l + 36. Determine z(10).
26
Let o(a) = -127*a + 893. Determine o(7).
4
Let z(i) = -2*i**2 + 2*i - 1. Determine z(-2).
-13
Let q(b) = -2*b**2 - 39*b - 11. Calculate q(-19).
8
Let r(k) = -k**2 + 5*k - 3. Calculate r(2).
3
Let g(k) = 2*k**2 - 20*k - 1. Determine g(10).
-1
Let x(z) = -2*z**2 + 6*z + 31. Determine x(-4).
-25
Let m(d) = 4*d + 10. Calculate m(0).
10
Let n(k) = -3*k + 24. What is n(16)?
-24
Let o(c) = -5*c + 9. Calculate o(5).
-16
Let n(l) = -l + 4. Calculate n(20).
-16
Let r(b) = b**3 - 13*b**2 + 46*b + 5. What is r(7)?
33
Let n(t) = -t**3 + 12*t**2 + 12*t - 92. Determine n(12).
52
Let g(l) = -l**3 - 8*l**2 - 6*l - 2. Calculate g(-2).
-14
Let f(r) = -7*r + 173. Give f(24).
5
Let o(r) = -2*r**3 + 15*r**2 + 27*r + 8. Calculate o(9).
8
Let t(r) = 24*r**2 + 2*r + 1. Calculate t(-1).
23
Let g(s) = -3*s**2 - s - 3. Determine g(2).
-17
Let p(v) = 7*v**2 + 1. Give p(1).
8
Let g(l) = -12*l + 30. Determine g(9).
-78
Let i(c) = 27*c + 645. What is i(-24)?
-3
Let q(j) = 2*j**2 - j - 8. Determine q(0).
-8
Let x(g) = -g**2 + 73. Determine x(0).
73
Let d(s) = -s**3 + 2*s**2 + 5*s - 2. Determine d(3).
4
Let q(z) = -3*z + 6. Determine q(3).
-3
Let m(u) = -u**2 + 4*u + 3. What is m(6)?
-9
Let n(z) = z**2 - 15*z + 31. Determine n(13).
5
Let b(t) = -4*t**3 - t**2 + t - 6. Calculate b(-2).
20
Let m(o) = -o + 8. Give m(0).
8
Let q(b) = -3*b - 9. Calculate q(-7).
12
Let w(i) = 150*i - 2. What is w(-1)?
-152
Let j(n) = -n**3 - 21*n**2 - 28. Determine j(-21).
-28
Let v(h) = -2*h - 13. What is v(-9)?
5
Let k(s) = s**3 + 9*s**2 + 12*s + 23. What is k(-8)?
-9
Let g(r) = 21*r - 64. Determine g(3).
-1
Let t(g) = -16*g + 135. Calculate t(8).
7
Let f(p) = p**2 + 2*p + 5. Calculate f(7).
68
Let w(y) = -2